{"id":32,"date":"2017-08-30T13:01:24","date_gmt":"2017-08-30T13:01:24","guid":{"rendered":"https:\/\/nepamirsk.lt\/?page_id=32"},"modified":"2023-02-16T22:04:40","modified_gmt":"2023-02-16T22:04:40","slug":"privatumo-politika","status":"publish","type":"page","link":"https:\/\/nepamirsk.lt\/index.php\/privatumo-politika\/","title":{"rendered":"Privatumo politka"},"content":{"rendered":"<section class=\"wpb-content-wrapper\"><p>[vc_row][vc_column icons_position=&#8221;left&#8221;][vc_empty_space alter_height=&#8221;huge&#8221; hide_on_desktop=&#8221;&#8221; hide_on_notebook=&#8221;&#8221; hide_on_tablet=&#8221;&#8221; hide_on_mobile=&#8221;&#8221;]<div id=\"sc_title_2136355499\"\r\n\t\tclass=\"sc_title color_style_default sc_title_default\"><h3 class=\"sc_item_title sc_title_title sc_align_center sc_item_title_style_default\">Privatumo politika<\/h3><\/div><!-- \/.sc_title -->[vc_empty_space alter_height=&#8221;medium&#8221; hide_on_desktop=&#8221;&#8221; hide_on_notebook=&#8221;&#8221; hide_on_tablet=&#8221;&#8221; hide_on_mobile=&#8221;&#8221; css=&#8221;.vc_custom_1512576151692{margin-bottom: 1.3rem !important;}&#8221;][vc_column_text]<!--vcv no format--><\/p>\n<div class=\"vce-row-container\" data-vce-boxed-width=\"true\">\n<div id=\"el-629fc782\" class=\"vce-row vce-row--col-gap-30 vce-row-equal-height vce-row-content--top\" data-vce-do-apply=\"all el-629fc782\">\n<div class=\"vce-row-content\" data-vce-element-content=\"true\">\n<p><\/p>\n<div id=\"el-bb71242e\" class=\"vce-col vce-col--md-auto vce-col--xs-1 vce-col--xs-last vce-col--xs-first vce-col--sm-last vce-col--sm-first vce-col--md-last vce-col--lg-last vce-col--xl-last vce-col--md-first vce-col--lg-first vce-col--xl-first\">\n<div class=\"vce-col-inner\" data-vce-do-apply=\"border margin background el-bb71242e\">\n<div class=\"vce-col-content\" data-vce-element-content=\"true\" data-vce-do-apply=\"padding el-bb71242e\">\n<p><\/p>\n<div class=\"vce-text-block\">\n<div id=\"el-19fcd62a\" class=\"vce-text-block-wrapper vce\" data-vce-do-apply=\"all el-19fcd62a\">\n<p><strong>Privatumo politika<\/strong><\/p>\n<p>\u0160i privatumo politika nustato, kaip mes tvarkome ir naudojame J\u016bs\u0173 asmenin\u0119 informacij\u0105, kuri\u0105 pateikiate mums per m\u016bs\u0173 interneto svetain\u0119.<\/p>\n<p><strong>Kaip rinkome ir naudojame informacij\u0105?<\/strong><\/p>\n<p>Mes gauname J\u016bs\u0173 asmenin\u0119 informacij\u0105, kuri\u0105 pateikiate mums per m\u016bs\u0173 interneto svetain\u0119, pvz., u\u017esiregistruodami ar u\u017epildydami form\u0105. \u0160i informacija apima J\u016bs\u0173 vard\u0105, elektroninio pa\u0161to adres\u0105 ir kit\u0105 reikaling\u0105 informacij\u0105.<\/p>\n<p>Mes naudojame J\u016bs\u0173 asmenin\u0119 informacij\u0105 tik tam, kad gal\u0117tume susisiekti su Jumis ir atsakyti \u012f J\u016bs\u0173 u\u017eklausas. Mes taip pat galime naudoti J\u016bs\u0173 asmenin\u0119 informacij\u0105, kad gal\u0117tume gerinti savo paslaug\u0173 kokyb\u0119 ir m\u016bs\u0173 interneto svetain\u0117s veikim\u0105.<\/p>\n<p><strong>Kaip saugome informacij\u0105?<\/strong><\/p>\n<p>Mes dedame visas reikiamas pastangas, kad J\u016bs\u0173 asmenin\u0117 informacija b\u016bt\u0173 saugi. Mes naudojame saugias technologijas ir proced\u016bras, kad apsaugotume J\u016bs\u0173 asmenin\u0119 informacij\u0105 nuo neteis\u0117to prieigos, naudojimo ar atskleidimo.<\/p>\n<p><strong>Ar mes perduodame informacij\u0105 tre\u010diosioms \u0161alims?<\/strong><\/p>\n<p>Mes negalime perduoti J\u016bs\u0173 asmenin\u0117s informacijos tre\u010diosioms \u0161alims, nebent to reikalauja teis\u0117s aktai arba jei tai b\u016btina siekiant atlikti m\u016bs\u0173 paslaugas arba teikti m\u016bs\u0173 produktus.<\/p>\n<p><strong>Kaip susisiekti su mumis?<\/strong><\/p>\n<p>Jei turite koki\u0173 nors klausim\u0173 apie m\u016bs\u0173 privatumo politik\u0105 ar apie savo asmenin\u0119 informacij\u0105, susisiekite su mumis el. pa\u0161tu adresu <a href=\"mailto:info@nepamirsk.lt\" target=\"_new\" rel=\"noopener\">info@nepamirsk.lt<\/a>.<\/p>\n<p><strong>Pakeitim\u0173 privatumo politikoje atveju<\/strong><\/p>\n<p>Mes galime laikaisi teis\u0117s keisti \u0161i\u0105 privatumo politik\u0105 bet kuriuo metu ir bet kada. Jei \u012fvyksta bet kokios svarbios pakeitimai, mes prane\u0161ime apie tai m\u016bs\u0173 interneto svetain\u0117je ir\/arba per elektronin\u012f lai\u0161k\u0105.<\/p>\n<\/div>\n<\/div>\n<\/div>\n<\/div>\n<\/div>\n<\/div>\n<\/div>\n<\/div>\n<p>[\/vc_column_text][vc_empty_space alter_height=&#8221;medium&#8221; hide_on_desktop=&#8221;&#8221; hide_on_notebook=&#8221;&#8221; hide_on_tablet=&#8221;&#8221; hide_on_mobile=&#8221;&#8221; css=&#8221;.vc_custom_1512576151692{margin-bottom: 1.3rem !important;}&#8221;][vc_empty_space alter_height=&#8221;medium&#8221; hide_on_desktop=&#8221;&#8221; hide_on_notebook=&#8221;&#8221; hide_on_tablet=&#8221;&#8221; hide_on_mobile=&#8221;&#8221; css=&#8221;.vc_custom_1512576151692{margin-bottom: 1.3rem !important;}&#8221;][\/vc_column][\/vc_row]<\/p>\n<\/section>","protected":false},"excerpt":{"rendered":"<p>[vc_row][vc_column icons_position=&#8221;left&#8221;][vc_empty_space alter_height=&#8221;huge&#8221; hide_on_desktop=&#8221;&#8221; hide_on_notebook=&#8221;&#8221; hide_on_tablet=&#8221;&#8221; hide_on_mobile=&#8221;&#8221;][vc_empty_space alter_height=&#8221;medium&#8221; hide_on_desktop=&#8221;&#8221; hide_on_notebook=&#8221;&#8221; hide_on_tablet=&#8221;&#8221; hide_on_mobile=&#8221;&#8221; css=&#8221;.vc_custom_1512576151692{margin-bottom: 1.3rem !important;}&#8221;][vc_column_text] Privatumo politika \u0160i privatumo politika nustato, kaip mes tvarkome ir naudojame J\u016bs\u0173 asmenin\u0119 informacij\u0105, kuri\u0105 pateikiate mums per m\u016bs\u0173 interneto svetain\u0119. Kaip rinkome ir&hellip;<\/p>\n","protected":false},"author":1,"featured_media":0,"parent":0,"menu_order":0,"comment_status":"closed","ping_status":"closed","template":"","meta":{"_monsterinsights_skip_tracking":false,"_monsterinsights_sitenote_active":false,"_monsterinsights_sitenote_note":"","_monsterinsights_sitenote_category":0,"footnotes":""},"class_list":["post-32","page","type-page","status-publish","hentry"],"aioseo_notices":[],"_links":{"self":[{"href":"https:\/\/nepamirsk.lt\/index.php\/wp-json\/wp\/v2\/pages\/32","targetHints":{"allow":["GET"]}}],"collection":[{"href":"https:\/\/nepamirsk.lt\/index.php\/wp-json\/wp\/v2\/pages"}],"about":[{"href":"https:\/\/nepamirsk.lt\/index.php\/wp-json\/wp\/v2\/types\/page"}],"author":[{"embeddable":true,"href":"https:\/\/nepamirsk.lt\/index.php\/wp-json\/wp\/v2\/users\/1"}],"replies":[{"embeddable":true,"href":"https:\/\/nepamirsk.lt\/index.php\/wp-json\/wp\/v2\/comments?post=32"}],"version-history":[{"count":8,"href":"https:\/\/nepamirsk.lt\/index.php\/wp-json\/wp\/v2\/pages\/32\/revisions"}],"predecessor-version":[{"id":979,"href":"https:\/\/nepamirsk.lt\/index.php\/wp-json\/wp\/v2\/pages\/32\/revisions\/979"}],"wp:attachment":[{"href":"https:\/\/nepamirsk.lt\/index.php\/wp-json\/wp\/v2\/media?parent=32"}],"curies":[{"name":"wp","href":"https:\/\/api.w.org\/{rel}","templated":true}]}}